
37
What is the remainder when 2239730 is divided by 709?
708
Calculate the remainder when 34955 is divided by 202.
9
Calculate the remainder when 11154 is divided by 281.
195
What is the remainder when 6104 is divided by 1881?
461
Calculate the remainder when 6419 is divided by 633.
89
Calculate the remainder when 2032 is divided by 208.
160
Calculate the remainder when 6174 is divided by 1885.
519
What is the remainder when 285231 is divided by 7923?
3
What is the remainder when 106599 is divided by 50?
49
Calculate the remainder when 30863 is divided by 30801.
62
What is the remainder when 232 is divided by 109?
14
What is the remainder when 671 is divided by 32?
31
Calculate the remainder when 1639 is divided by 51.
7
Calculate the remainder when 10191 is divided by 925.
16
Calculate the remainder when 55322 is divided by 55294.
28
Calculate the remainder when 36215 is divided by 1293.
11
Calculate the remainder when 5396 is divided by 5374.
22
What is the remainder when 14461 is divided by 23?
17
Calculate the remainder when 123406 is divided by 61700.
6
What is the remainder when 875680 is divided by 17?
10
Calculate the remainder when 103022 is divided by 5.
2
What is the remainder when 3067 is divided by 1456?
155
What is the remainder when 289568 is divided by 2098?
44
What is the remainder when 838414 is divided by 19?
1
What is the remainder when 15673 is divided by 1349?
834
Calculate the remainder when 656036 is divided by 660.
656
What is the remainder when 3919 is divided by 1068?
715
Calculate the remainder when 297 is divided by 53.
32
What is the remainder when 903 is divided by 689?
214
Calculate the remainder when 1085 is divided by 88.
29
Calculate the remainder when 9265 is divided by 59.
2
Calculate the remainder when 4609 is divided by 542.
273
Calculate the remainder when 5978 is divided by 292.
138
What is the remainder when 9429 is divided by 777?
105
Calculate the remainder when 1646524 is divided by 6.
4
Calculate the remainder when 7942 is divided by 2644.
10
What is the remainder when 331097 is divided by 1191?
1190
What is the remainder when 4760 is divided by 4751?
9
What is the remainder when 1951572 is divided by 31?
29
Calculate the remainder when 20084 is divided by 207.
5
What is the remainder when 5675291 is divided by 44?
39
Calculate the remainder when 5274 is divided by 1035.
99
Calculate the remainder when 5378 is divided by 1073.
13
Calculate the remainder when 747151 is divided by 186780.
31
Calculate the remainder when 9760 is divided by 358.
94
Calculate the remainder when 49826 is divided by 16606.
8
Calculate the remainder when 3099 is divided by 3089.
10
Calculate the remainder when 3702 is divided by 925.
2
Calculate the remainder when 420605 is divided by 64.
61
What is the remainder when 8745 is divided by 2146?
161
Calculate the remainder when 66133 is divided by 22044.
1
What is the remainder when 30984 is divided by 99?
96
Calculate the remainder when 583 is divided by 299.
284
Calculate the remainder when 2335 is divided by 280.
95
Calculate the remainder when 9250 is divided by 78.
46
What is the remainder when 3634 is divided by 1807?
20
Calculate the remainder when 127278 is divided by 4388.
26
Calculate the remainder when 1570076 is divided by 15.
11
Calculate the remainder when 2442 is divided by 524.
346
What is the remainder when 17455 is divided by 1453?
19
What is the remainder when 1178 is divided by 555?
68
Calculate the remainder when 9513 is divided by 635.
623
What is the remainder when 46101 is divided by 15362?
15
What is the remainder when 29094 is divided by 1265?
1264
What is the remainder when 9045 is divided by 173?
49
What is the remainder when 296467 is divided by 324?
7
Calculate the remainder when 865999 is divided by 5.
4
What is the remainder when 239064 is divided by 15?
9
Calculate the remainder when 2388 is divided by 788.
24
What is the remainder when 19272 is divided by 876?
0
Calculate the remainder when 11169 is divided by 797.
11
What is the remainder when 1343 is divided by 24?
23
What is the remainder when 7090 is divided by 25?
15
Calculate the remainder when 8852 is divided by 8003.
849
Calculate the remainder when 1163 is divided by 335.
158
What is the remainder when 144257 is divided by 34?
29
What is the remainder when 5081 is divided by 1089?
725
What is the remainder when 141197 is divided by 40?
37
What is the remainder when 5860 is divided by 174?
118
What is the remainder when 699217 is divided by 423?
421
What is the remainder when 842 is divided by 312?
218
Calculate the remainder when 4415 is divided by 5.
0
What is the remainder when 2109 is divided by 147?
51
Calculate the remainder when 3712 is divided by 204.
40
Calculate the remainder when 1731 is divided by 117.
93
Calculate the remainder when 5815 is divided by 422.
329
Calculate the remainder when 4119 is divided by 809.
74
What is the remainder when 19144 is divided by 35?
34
What is the remainder when 21108 is divided by 5221?
224
Calculate the remainder when 132807 is divided by 12073.
4
What is the remainder when 18509 is divided by 58?
7
Calculate the remainder when 103471 is divided by 1203.
13
Calculate the remainder when 42665 is divided by 11.
7
Calculate the remainder when 1614 is divided by 537.
3
Calculate the remainder when 6671207 is divided by 17.
16
What is the remainder when 734 is divided by 88?
30
What is the remainder when 762 is divided by 730?
32
What is the remainder when 527 is divided by 315?
212
What is the remainder when 21029 is divided by 1184?
901
What is the remainder when 1150 is divided by 342?
124
What is the remainder when 12828 is divided by 6411?
6
What is the remainder when 18879 is divided by 110?
69
What is the remainder when 19491 is divided by 2420?
131
What is the remainder when 189353 is divided by 72?
65
What is the remainder when 27266 is divided by 1137?
1115
Calculate the remainder when 3803 is divided by 103.
95
What is the remainder when 270671 is divided by 25?
21
Calculate the remainder when 33198 is divided by 17.
14
What is the remainder when 6177 is divided by 882?
3
Calculate the remainder when 268319 is divided by 53654.
49
What is the remainder when 36183 is divided by 358?
25
Calculate the remainder when 63338 is divided by 12653.
73
Calculate the remainder when 6247 is divided by 2062.
61
Calculate the remainder when 21278 is divided by 1277.
846
Calculate the remainder when 47443 is divided by 55.
33
Calculate the remainder when 1491 is divided by 744.
3
What is the remainder when 30174 is divided by 4305?
39
Calculate the remainder when 4891 is divided by 1629.
4
Calculate the remainder when 4226 is divided by 158.
118
What is the remainder when 7742935 is divided by 508?
507
Calculate the remainder when 1902 is divided by 276.
246
What is the remainder when 10209 is divided by 63?
3
What is the remainder when 29866 is divided by 90?
76
What is the remainder when 852387 is divided by 27?
24
Calculate the remainder when 835 is divided by 122.
103
What is the remainder when 53922 is divided by 5392?
2
What is the remainder when 2657 is divided by 661?
13
Calculate the remainder when 70892 is divided by 34.
2
What is the remainder when 103362 is divided by 8?
2
Calculate the remainder when 198097 is divided by 66004.
85
What is the remainder when 373452 is divided by 114?
102
Calculate the remainder when 2538 is divided by 4.
2
Calculate the remainder when 3107822 is divided by 43.
40
What is the remainder when 1793 is divided by 123?
71
What is the remainder when 22412 is divided by 80?
12
What is the remainder when 833699 is divided by 525?
524
What is the remainder when 1549 is divided by 275?
174
Calculate the remainder when 311534 is divided by 33.
14
Calculate the remainder when 54478 is divided by 75.
28
What is the remainder when 92390 is divided by 350?
340
Calculate the remainder when 44967 is divided by 226.
219
What is the remainder when 141 is divided by 29?
25
Calculate the remainder when 843778 is divided by 574.
572
What is the remainder when 114774 is divided by 832?
790
Calculate the remainder when 146027 is divided by 48670.
17
What is the remainder when 691 is divided by 98?
5
What is the remainde